= -j**3 - 14*j**2 + 32*j. Calculate q(-16).
0
Let x(v) = 8*v**2 + v + 3. Determine x(2).
37
Let a(t) = -t**2 - 9*t + 4. Determine a(-5).
24
Let n(i) = -i**3 + 13*i**2 - 25*i + 13. What is n(11)?
-20
Let r(n) = 6*n - 121. Calculate r(0).
-121
Let r(l) = -l**2 - 4*l - 8. Calculate r(-3).
-5
Let k(x) = -3*x**3 - x + 2. Give k(-2).
28
Let j(a) = -a**2 - 2*a + 6. Give j(-4).
-2
Let x(s) = s**3 + 18*s**2 + 18*s + 33. Calculate x(-17).
16
Let u(t) = 6*t + 1. Determine u(4).
25
Let j(a) = -71*a**3 - a**2 + 2*a - 2. Give j(1).
-72
Let z(c) = 2*c - 48. What is z(24)?
0
Let m(t) = -t - 10. What is m(-8)?
-2
Let p(k) = 4*k - 33. What is p(13)?
19
Let n(r) = -r**3 - 4*r**2 + 2*r + 3. Calculate n(-4).
-5
Let l(m) = 2*m**3 - m**2 + 2*m. Give l(1).
3
Let n(i) = -3*i - 10. Calculate n(-10).
20
Let t(b) = 3*b**2 - 8*b - 11. Give t(5).
24
Let p(i) = -2*i**2 - 2*i - 1. Give p(-3).
-13
Let x(k) = -63*k + 644. Calculate x(10).
14
Let w(u) = u**3 - 3*u**2 + u - 1. Give w(-2).
-23
Let b(n) = -n**3 - 12*n**2 + 17*n + 42. Determine b(-13).
-10
Let d(m) = -6*m + 47. Calculate d(0).
47
Let b(y) = y**3 + 14*y**2 + 14*y + 16. What is b(-13)?
3
Let a(b) = -b**2 + 12*b + 47. Calculate a(12).
47
Let a(t) = t - 23. Give a(18).
-5
Let n(x) = 3*x**2 - 3*x - 2. What is n(3)?
16
Let a(i) = -2*i**2 - 23*i + 10. What is a(-12)?
-2
Let x(w) = w**2 - 8*w - 17. Calculate x(9).
-8
Let a(o) = -o**2 - 27*o - 25. Determine a(-26).
1
Let o(s) = -s**2 + 10*s - 3. Calculate o(6).
21
Let k(f) = -f**2 - 23*f - 69. What is k(-21)?
-27
Let z(m) = -2*m**3 - 39*m**2 - 180*m - 2. Determine z(-12).
-2
Let y(k) = k**3 - 4*k**2 + k - 4. What is y(3)?
-10
Let g(f) = -12*f**2 + 8*f + 2. Calculate g(1).
-2
Let h(i) = -i**3 - 7*i**2 - 6*i + 2. Calculate h(-6).
2
Let v(y) = -y**2 + 3*y - 4. Calculate v(4).
-8
Let h(z) = z**3 - 7*z**2 - 10*z + 17. Give h(8).
1
Let n(s) = 9*s - 35. Give n(9).
46
Let g(y) = -18*y - 2. Give g(-3).
52
Let o(v) = -11*v - 8. Give o(-4).
36
Let v(u) = -7*u + 48. Calculate v(4).
20
Let y(f) = -22*f**2 + 62*f - 4. Give y(3).
-16
Let f(r) = -2*r**2 - 7*r + 5. Calculate f(-4).
1
Let a(u) = 14*u**2 - 26*u + 25. Give a(1).
13
Let q(w) = -w - 27. Calculate q(-23).
-4
Let u(p) = -3*p**2 - 9*p - 8. Determine u(-3).
-8
Let r(m) = 2*m**2 - 4*m - 25. Give r(-5).
45
Let y(k) = 26*k + 30. Give y(4).
134
Let k(s) = s**3 - 6*s**2 - s. What is k(6)?
-6
Let t(u) = -u + 20. Calculate t(23).
-3
Let k(i) = i**2 - 27*i + 21. What is k(26)?
-5
Let b(t) = -43*t + 32. Give b(1).
-11
Let r(u) = -2*u**2 - 48*u - 286. Determine r(-14).
-6
Let h(n) = n**2 + 13*n + 52. Calculate h(-8).
12
Let y(w) = -2*w**2 + 8*w + 12. Calculate y(6).
-12
Let g(j) = -j**3 + 3*j**2 + j - 2. What is g(3)?
1
Let p(u) = 3*u**3 - 3*u**2 + 1. Give p(2).
13
Let o(u) = -11*u**2 + 5*u + 6. Give o(-3).
-108
Let j(n) = 47*n + 1647. What is j(-35)?
2
Let u(a) = -a**2 - 10*a - 15. Give u(-8).
1
Let v(f) = -f**2 - 15*f - 53. Calculate v(-10).
-3
Let n(r) = -r**3 - 16*r**2 - 4*r - 84. Give n(-16).
-20
Let f(t) = -t**2 - 3*t + 16. Determine f(3).
-2
Let v(j) = 32*j + 321. Calculate v(-10).
1
Let y(g) = 6*g + 4. Give y(-6).
-32
Let b(i) = -i**3 - 3*i**2 - 2. Give b(0).
-2
Let c(y) = -2*y**2 - 34*y + 47. Determine c(-18).
11
Let d(z) = 19*z**2 - 2*z - 1. Determine d(-1).
20
Let q(g) = -2*g**3 - 24*g**2 - 2*g - 19. What is q(-12)?
5
Let b(o) = -4*o**2 + 26*o. What is b(7)?
-14
Let x(w) = -4*w**3 - w**2 - 2*w - 1. What is x(-2)?
31
Let j(y) = -y**3 + 17*y**2 - 28*y - 18. What is j(15)?
12
Let u(z) = z**2 + 24*z - 85. Give u(-27).
-4
Let g(s) = 2*s**3 - 38*s**2 - 2*s + 46. What is g(19)?
8
Let p(n) = n**3 - 4*n**2 - 5*n + 11. What is p(-5)?
-189
Let s(l) = -l + 1. Give s(-5).
6
Let k(w) = w**2 - 4*w + 3. Give k(5).
8
Let g(u) = 29*u + 6. Determine g(-1).
-23
Let g(f) = 61*f - 2. Give g(-1).
-63
Let r(o) = o**2 + 9*o - 19. What is r(-9)?
-19
Let l(y) = y**2 + 7*y - 37. Give l(-10).
-7
Let t(n) = 9*n**2 - 2*n + 4. What is t(2)?
36
Let p(o) = -o - 3. Give p(9).
-12
Let i(n) = n**2 - 15*n - 16. Give i(16).
0
Let r(d) = -d**2 + 16*d - 5. Calculate r(14).
23
Let j(r) = r**3 + 4*r**2 - 6*r + 3. Give j(-5).
8
Let m(o) = 40*o**3 + 2*o + 1. Determine m(-1).
-41
Let q(x) = x**3 - 4*x**2 + 9*x - 9. Calculate q(2).
1
Let i(w) = -2*w + 62. Give i(0).
62
Let x(u) = -6*u**3 - 2*u**2 + u - 2. What is x(-2)?
36
Let d(p) = p + 6. Calculate d(-8).
-2
Let w(r) = r**3 + 11*r**2 + 26*r + 1. Determine w(-6).
25
Let c(s) = 14*s - 110. Calculate c(7).
-12
Let o(j) = j**2 - 14*j - 26. What is o(8)?
-74
Let m(z) = -10*z + 9. Calculate m(5).
-41
Let b(q) = 4*q - 9. Give b(5).
11
Let f(x) = 2*x**2 - 6*x + 3. Give f(4).
11
Let y(s) = 31*s - 61. What is y(2)?
1
Let i(q) = -q**2 + 6*q - 8. Determine i(7).
-15
Let l(q) = 33*q - 492. What is l(15)?
3
Let f(j) = j**3 - 18*j**2 - 10*j - 12. Determine f(18).
-192
Let h(b) = -12*b - 10. Determine h(-3).
26
Let f(n) = n - 26. Determine f(-6).
-32
Let u(t) = 12*t**2 - 3*t. Give u(2).
42
Let s(q) = 17*q - 173. Give s(10).
-3
Let u(i) = 24*i - 153. Calculate u(7).
15
Let l(g) = g - 12. What is l(-4)?
-16
Let g(f) = 3*f - 1. Determine g(1).
2
Let c(x) = -x**2 - 44*x - 257. What is c(-7)?
2
Let y(z) = -2*z**2 - 6*z + 63. Calculate y(4).
7
Let a(g) = -10*g**3 - g**2 + 2*g - 1. Give a(1).
-10
Let d(c) = -12*c**2 - 21*c + 1. What is d(-2)?
-5
Let k(h) = -h + 34. Calculate k(18).
16
Let i(s) = -s**2 - s + 7. Determine i(0).
7
Let a(r) = r**2 + 24*r + 20. Give a(-22).
-24
Let p(o) = 13*o + 4. Calculate p(-4).
-48
Let c(d) = -d**2 + 5*d - 7. Calculate c(4).
-3
Let i(v) = -5*v**3 + 2*v + 1. Calculate i(-1).
4
Let z(i) = 2*i**3 + 60*i**2 + 2*i + 51. Calculate z(-30).
-9
Let v(o) = 2*o**2 - 51*o - 32. Calculate v(26).
-6
Let j(n) = -4*n - 3. Determine j(-3).
9
Let c(x) = 3*x**3 + x**2 + x + 1. What is c(-2)?
-21
Let o(p) = p**3 - 13*p**2 - 15*p + 20. What is o(14)?
6
Let f(k) = 16*k - 6. Calculate f(2).
26
Let m(f) = 13*f**2 - 3*f - 4. Determine m(3).
104
Let k(y) = -y**3 + y**2 + 4*y - 5. What is k(2)?
-1
Let c(o) = o**2 + 3*o - 10. Give c(2).
0
Let c(m) = -6*m + 12. Give c(3).
-6
Let y(v) = -v**3 + 8*v**2 + 12*v - 11. Give y(9).
16
Let g(w) = -w**3 - 20*w**2 - 40*w - 7. Calculate g(-18).
65
Let j(h) = 28*h - 147. What is j(6)?
21
Let q(a) = -a**3 - 6*a**2 - a + 11. What is q(-5)?
-9
Let t(z) = 3*z - 7. Determine t(-9).
-34
Let j(w) = -3*w - 100. Determine j(-36).
8
Let r(d) = 10*d**3 + 3*d**2 + 4*d + 3. Give r(-2).
-73
Let h(o) = -34*o**2 + 2. Determine h(1).
-32
Let q(o) = 7*o + 47. Calculate q(-6).
5
Let s(d) = 2*d**3 + 29*d**2 + 10*d - 19. Calculate s(-14).
37
Let f(h) = 108*h - 414. What is f(4)?
18
Let p(f) = f**2 + 3*f - 2. Determine p(-5).
8
Let j(c) = 3*c - 20. Calculate j(7).
1
Let t(a) = a**2 + 11*a - 4. What is t(-12)?
8
Let m(i) = -19*i - 2. What is m(-2)?
36
Let c(w) = -w**2 - 8*w + 5. Give c(-8).
5
Let h(n) = 5*n**3 - 2*n**2 + n + 4. Determine h(2).
38
Let h(u) = -u**2 + u + 42. What is h(6)?
12
Let q(b) = b + 6. Determine q(1).
7
Let c(b) = b**2 + 15*b - 51. What is c(-18)?
3
Let p(z) = z**3 + 6*z**2 + 7*z + 7. What is p(-5)?
-3
Let l(f) = f - 11. Give l(19).
8
Let x(z) = 7*z - 7. What is x(7)?
42
Let p(l) = -l - 8. Determine p(-15).
7
Let z(m) = -18*m + 57. Give z(4).
-15
Let q(f) = f**3 - 29*f**2 + 27*f + 27. Calculate q(28).
-1
Let g(s) = 175*s - 517. Give g(3).
8
Let w(b) = -9*b - 20. Determine w(-2).
-2
Let r(m) = -m**3 + 8*m**2 - 10*m. Determine r(7).
-21
Let o(h) = h**3 + 4*h**2 - 4. Calculate o(-3).
5
Let u(f) = f**3 + 4*f**2 - 4*f - 5. Calculate u(-4).
11
Let c(j) = -j**3 - 9*j**2 - 10*j - 2. Determine c(-8).
14
Let m(r) = -2*r**3 + 62*r**2 - 62*r + 32. What is m(30)?
-28
Let a(b) = b + 54. Determine a(-21).
33
Let t(v) = -14*v. Calculate t(2).
-28
Let r(z) = z + 15. Determine r(-13).
2
Let i(h) = 3*h**3 - h**2 + 13*h - 11. What is i(1)?
4
Let b(i) = i**2 - 2*i - 1. Determine b(-4).
23
Let f(n) = n - 76. What is f(-12)?
-88
Let s(d) = -d**2 + 6*d - 6. Give s(9).
-33
Let g(b) = b**3 + b**2 + b + 45. What is g(0)?
45
Let s(i) = i + 6. Calculate s(-11).
-5
Let u(o) = -3*o**2 + 13*o + 7. What is u(6)?
-23
Let a(q) = 9*q - 15. Determine a(2).
3
Let x(q) = 3*q - 63. Determine x(19).
-6
Let h(k) = -k**3 + 3*k**2 - 4*k + 2. Determine h(2).
-2
Let b(t) = -t**3 + 15*t**2 + 14*t + 2. Give b(16).
-30
Let b(m) = -m**2 - 50*m + 402. D